{"id":69,"date":"2025-09-17T10:50:23","date_gmt":"2025-09-17T10:50:23","guid":{"rendered":"https:\/\/www.aromatherapyskolinn.is\/?page_id=69"},"modified":"2025-09-17T10:50:25","modified_gmt":"2025-09-17T10:50:25","slug":"namskeid","status":"publish","type":"page","link":"https:\/\/www.aromatherapyskolinn.is\/?page_id=69","title":{"rendered":"N\u00e1mskei\u00f0"},"content":{"rendered":"\n<p><\/p>\n\n\n\n<p><\/p>\n\n\n\n<p><\/p>\n\n\n\n<p><\/p>\n\n\n\n<p><strong>Aromatherapyn\u00e1mskei\u00f0: Sj\u00e1lfshj\u00e1lp me\u00f0 aromatherapy.<\/strong><\/p>\n\n\n\n<p>N\u00e1mskei\u00f0ar\u00f6\u00f0in Sj\u00e1lfshj\u00e1lp me\u00f0&nbsp;aromatherapy er \u00e6tlu\u00f0 fyrir alla sem hafa \u00e1huga \u00e1 a\u00f0 b\u00e6ta heilsuna s\u00edna me\u00f0 ilmkjarnaol\u00edum. Hvert n\u00e1mskei\u00f0 er 2 t\u00edmar \u00ed senn og taka fyrir \u00e1kve\u00f0na kvilla og \u00fe\u00e6r ilmkjarnaol\u00edur sem h\u00e6gt er a\u00f0 nota vi\u00f0 \u00feeim. Dagsetningar n\u00e1mskei\u00f0a m\u00e1 sj\u00e1 \u00ed dagatalinu. Ef \u00e1hugi er \u00e1 a\u00f0 halda eitthvert tilteki\u00f0 n\u00e1mskei\u00f0 fyrr er h\u00e6gt a\u00f0 hafa samband me\u00f0 t\u00f6lvup\u00f3sti: aromatherapyskolinn@gmail.com  L\u00e1gmarksfj\u00f6ldi eru 5 manns<\/p>\n\n\n\n<p>9 fr\u00e1b\u00e6r n\u00e1mskei\u00f0 eru \u00ed bo\u00f0i:<\/p>\n\n\n\n<p>Sj\u00e1lfshj\u00e1lp vi\u00f0 kv\u00ed\u00f0a<\/p>\n\n\n\n<p>Sj\u00e1lfshj\u00e1lp \u00e1 fer\u00f0al\u00f6gum<\/p>\n\n\n\n<p>Heimilis\u00ferif me\u00f0 aromatherapy<\/p>\n\n\n\n<p>HeimaSpa me\u00f0 aromatherapy<\/p>\n\n\n\n<p>Sj\u00e1lfshj\u00e1lp vi\u00f0 frj\u00f3kornaofn\u00e6mi<\/p>\n\n\n\n<p>Sj\u00e1lfshj\u00e1lp vi\u00f0 kvefpestum<\/p>\n\n\n\n<p>Sj\u00e1lfshj\u00e1lp vi\u00f0 verkjum \u00ed sto\u00f0kerfi<\/p>\n\n\n\n<p>Sj\u00e1lfshj\u00e1lp vi\u00f0 betri svefni<\/p>\n\n\n\n<p>Sj\u00e1lfshj\u00e1lp vi\u00f0 h\u00f6fu\u00f0verkjum<\/p>\n\n\n\n<p>Hvert n\u00e1mskei\u00f0 kostar 9000 kr. og er 2 t\u00edmar \u00e1 laugard\u00f6gum.<\/p>\n\n\n\n<p><strong>N\u00fdtt n\u00fdtt: N\u00fa er bo\u00f0i\u00f0 upp \u00e1 tilbo\u00f0 \u00e1 tveimur n\u00e1mskei\u00f0um sama daginn. <\/strong><\/p>\n\n\n\n<p>Um er a\u00f0 r\u00e6\u00f0a n\u00e1mskei\u00f0 sem sty\u00f0ja hvort anna\u00f0 \u00fev\u00ed vi\u00f0fangsefnin eru tengd. \u00deessi n\u00e1mskei\u00f0 kosta 15000 og eru \u00e1 laugard\u00f6gum fr\u00e1 10-15. Vi\u00f0 t\u00f6kum okkur klukkustunda h\u00e1degishl\u00e9 til a\u00f0 n\u00e6ra okkur.<\/p>\n\n\n\n<p>Einnig er n\u00fa h\u00e6gt a\u00f0 s\u00e6kja \u00feessi n\u00e1mskei\u00f0 \u00ed raunt\u00edma \u00e1 Zoom og f\u00e1 n\u00e1msg\u00f6gnin send \u00ed t\u00f6lvup\u00f3sti.<\/p>\n\n\n\n<p>Innifalin eru n\u00e1mskei\u00f0sg\u00f6gn og aromatherapyblanda fyrir \u00fe\u00e1 sem m\u00e6ta \u00e1 sta\u00f0inn.<\/p>\n\n\n\n<figure class=\"wp-block-image is-resized\"><img loading=\"lazy\" decoding=\"async\" width=\"640\" height=\"800\" src=\"https:\/\/www.aromatherapyskolinn.is\/wp-content\/uploads\/2019\/06\/58382657_2328715173845580_334907758602092544_n1-e1561826663576.jpg\" alt=\"\" class=\"wp-image-202\" style=\"width:384px;height:480px\" srcset=\"https:\/\/www.aromatherapyskolinn.is\/wp-content\/uploads\/2019\/06\/58382657_2328715173845580_334907758602092544_n1-e1561826663576.jpg 640w, https:\/\/www.aromatherapyskolinn.is\/wp-content\/uploads\/2019\/06\/58382657_2328715173845580_334907758602092544_n1-e1561826663576-600x750.jpg 600w\" sizes=\"auto, (max-width: 640px) 100vw, 640px\" \/><figcaption class=\"wp-element-caption\">Notum ilmkjarnaol\u00edur af \u00f6ryggi<\/figcaption><\/figure>\n","protected":false},"excerpt":{"rendered":"<p>Aromatherapyn\u00e1mskei\u00f0: Sj\u00e1lfshj\u00e1lp me\u00f0 aromatherapy. N\u00e1mskei\u00f0ar\u00f6\u00f0in Sj\u00e1lfshj\u00e1lp me\u00f0&nbsp;aromatherapy er \u00e6tlu\u00f0 fyrir alla sem hafa \u00e1huga \u00e1 a\u00f0 b\u00e6ta heilsuna s\u00edna me\u00f0 &hellip; <\/p>\n","protected":false},"author":2,"featured_media":556,"parent":0,"menu_order":0,"comment_status":"closed","ping_status":"closed","template":"","meta":{"footnotes":""},"class_list":["post-69","page","type-page","status-publish","has-post-thumbnail","hentry","latest_post"],"jetpack_sharing_enabled":true,"_links":{"self":[{"href":"https:\/\/www.aromatherapyskolinn.is\/index.php?rest_route=\/wp\/v2\/pages\/69","targetHints":{"allow":["GET"]}}],"collection":[{"href":"https:\/\/www.aromatherapyskolinn.is\/index.php?rest_route=\/wp\/v2\/pages"}],"about":[{"href":"https:\/\/www.aromatherapyskolinn.is\/index.php?rest_route=\/wp\/v2\/types\/page"}],"author":[{"embeddable":true,"href":"https:\/\/www.aromatherapyskolinn.is\/index.php?rest_route=\/wp\/v2\/users\/2"}],"replies":[{"embeddable":true,"href":"https:\/\/www.aromatherapyskolinn.is\/index.php?rest_route=%2Fwp%2Fv2%2Fcomments&post=69"}],"version-history":[{"count":33,"href":"https:\/\/www.aromatherapyskolinn.is\/index.php?rest_route=\/wp\/v2\/pages\/69\/revisions"}],"predecessor-version":[{"id":4918,"href":"https:\/\/www.aromatherapyskolinn.is\/index.php?rest_route=\/wp\/v2\/pages\/69\/revisions\/4918"}],"wp:featuredmedia":[{"embeddable":true,"href":"https:\/\/www.aromatherapyskolinn.is\/index.php?rest_route=\/wp\/v2\/media\/556"}],"wp:attachment":[{"href":"https:\/\/www.aromatherapyskolinn.is\/index.php?rest_route=%2Fwp%2Fv2%2Fmedia&parent=69"}],"curies":[{"name":"wp","href":"https:\/\/api.w.org\/{rel}","templated":true}]}}